{"id":35,"date":"2017-07-24T21:05:54","date_gmt":"2017-07-24T19:05:54","guid":{"rendered":"http:\/\/ffw-goppeln-haenichen.de\/verein\/?page_id=35"},"modified":"2025-11-12T08:08:25","modified_gmt":"2025-11-12T07:08:25","slug":"vermietung-festzelte","status":"publish","type":"page","link":"https:\/\/ffw-goppeln-haenichen.de\/verein\/vermietung\/vermietung-festzelte\/","title":{"rendered":"Vermietung Festzelte"},"content":{"rendered":"\n<p>Folgende Zelte k\u00f6nnen gemietet werden:<\/p>\n\n\n\n<figure class=\"wp-block-table\"><table class=\"has-fixed-layout\"><thead><tr><th>Typ<\/th><th>Gr\u00f6\u00dfe<\/th><th>Kosten pro Tag<\/th><\/tr><\/thead><tbody><tr><td>Zelt gro\u00df<\/td><td>10x6m<\/td><td>100 EUR<\/td><\/tr><tr><td><a href=\"http:\/\/ffw-goppeln-haenichen.de\/verein\/vermietung\/vermietung-festzelte\/vermietung-modulares-partyzelt\/\">modulares Partyzelt<\/a><\/td><td>6x10m &#8211; 21x10m<\/td><td>280 EUR &#8211; 980 EUR<\/td><\/tr><\/tbody><\/table><\/figure>\n\n\n\n<p>Zudem kann Partyzubeh\u00f6r gemietet werden:<\/p>\n\n\n\n<figure class=\"wp-block-table\"><table class=\"has-fixed-layout\"><thead><tr><th>Art<\/th><th>max. Anzahl<\/th><th>Kosten pro Tag pro St\u00fcck<\/th><\/tr><\/thead><tbody><tr><td>Bierzeltgarnitur<\/td><td>10<\/td><td>10 EUR<\/td><\/tr><\/tbody><\/table><\/figure>\n\n\n\n<p>Lieferpauschalen: nach Vereinbarung<\/p>\n\n\n\n<p>Bei Interesse bitte melden unter <a href=\"mailto:verein@ffw-goppeln-haenichen.de?subject=Mietanfrage H\u00fcpfburg\">verein@ffw-goppeln-haenichen.de<\/a><\/p>\n","protected":false},"excerpt":{"rendered":"<p>Folgende Zelte k\u00f6nnen gemietet werden: Typ Gr\u00f6\u00dfe Kosten pro Tag Zelt gro\u00df 10x6m 100 EUR modulares Partyzelt 6x10m &#8211; 21x10m<\/p>\n","protected":false},"author":1,"featured_media":0,"parent":31,"menu_order":0,"comment_status":"closed","ping_status":"closed","template":"","meta":{"footnotes":""},"class_list":["post-35","page","type-page","status-publish","hentry"],"_links":{"self":[{"href":"https:\/\/ffw-goppeln-haenichen.de\/verein\/wp-json\/wp\/v2\/pages\/35","targetHints":{"allow":["GET"]}}],"collection":[{"href":"https:\/\/ffw-goppeln-haenichen.de\/verein\/wp-json\/wp\/v2\/pages"}],"about":[{"href":"https:\/\/ffw-goppeln-haenichen.de\/verein\/wp-json\/wp\/v2\/types\/page"}],"author":[{"embeddable":true,"href":"https:\/\/ffw-goppeln-haenichen.de\/verein\/wp-json\/wp\/v2\/users\/1"}],"replies":[{"embeddable":true,"href":"https:\/\/ffw-goppeln-haenichen.de\/verein\/wp-json\/wp\/v2\/comments?post=35"}],"version-history":[{"count":9,"href":"https:\/\/ffw-goppeln-haenichen.de\/verein\/wp-json\/wp\/v2\/pages\/35\/revisions"}],"predecessor-version":[{"id":229,"href":"https:\/\/ffw-goppeln-haenichen.de\/verein\/wp-json\/wp\/v2\/pages\/35\/revisions\/229"}],"up":[{"embeddable":true,"href":"https:\/\/ffw-goppeln-haenichen.de\/verein\/wp-json\/wp\/v2\/pages\/31"}],"wp:attachment":[{"href":"https:\/\/ffw-goppeln-haenichen.de\/verein\/wp-json\/wp\/v2\/media?parent=35"}],"curies":[{"name":"wp","href":"https:\/\/api.w.org\/{rel}","templated":true}]}}